{"id":488,"date":"2025-12-08T19:28:05","date_gmt":"2025-12-08T22:28:05","guid":{"rendered":"https:\/\/sergiocardozo1765052911411.2052060.meusitehostgator.com.br\/certificadora\/?page_id=488"},"modified":"2026-01-06T22:36:02","modified_gmt":"2026-01-07T01:36:02","slug":"iso-45001","status":"publish","type":"page","link":"https:\/\/isocertificacao.com.br\/?page_id=488","title":{"rendered":"ISO 45001"},"content":{"rendered":"\t\t<div data-elementor-type=\"wp-page\" data-elementor-id=\"488\" class=\"elementor elementor-488\">\n\t\t\t\t<div class=\"elementor-element elementor-element-6cbde9d e-con-full elementor-hidden-mobile e-flex wpr-particle-no wpr-jarallax-no wpr-parallax-no wpr-sticky-section-no wpr-equal-height-no e-con e-parent\" data-id=\"6cbde9d\" data-element_type=\"container\" data-e-type=\"container\">\n\t\t\t\t<div class=\"elementor-element elementor-element-76af2fb elementor-widget__width-inherit elementor-widget elementor-widget-image\" data-id=\"76af2fb\" data-element_type=\"widget\" data-e-type=\"widget\" data-widget_type=\"image.default\">\n\t\t\t\t\t\t\t\t\t\t\t\t\t\t\t<img fetchpriority=\"high\" decoding=\"async\" width=\"1920\" height=\"698\" src=\"https:\/\/isocertificacao.com.br\/wp-content\/uploads\/2026\/01\/45001.png\" class=\"attachment-full size-full wp-image-1349\" alt=\"Certifica\u00e7\u00e3o ISO 45001\" srcset=\"https:\/\/isocertificacao.com.br\/wp-content\/uploads\/2026\/01\/45001.png 1920w, https:\/\/isocertificacao.com.br\/wp-content\/uploads\/2026\/01\/45001-300x109.png 300w, https:\/\/isocertificacao.com.br\/wp-content\/uploads\/2026\/01\/45001-1024x372.png 1024w, https:\/\/isocertificacao.com.br\/wp-content\/uploads\/2026\/01\/45001-768x279.png 768w, https:\/\/isocertificacao.com.br\/wp-content\/uploads\/2026\/01\/45001-1536x558.png 1536w\" sizes=\"(max-width: 1920px) 100vw, 1920px\" \/>\t\t\t\t\t\t\t\t\t\t\t\t\t\t\t<\/div>\n\t\t\t\t<\/div>\n\t\t<div class=\"elementor-element elementor-element-8f1917f e-con-full elementor-hidden-desktop elementor-hidden-tablet e-flex wpr-particle-no wpr-jarallax-no wpr-parallax-no wpr-sticky-section-no wpr-equal-height-no e-con e-parent\" data-id=\"8f1917f\" data-element_type=\"container\" data-e-type=\"container\">\n\t\t\t\t<div class=\"elementor-element elementor-element-c807386 elementor-widget__width-inherit elementor-widget elementor-widget-image\" data-id=\"c807386\" data-element_type=\"widget\" data-e-type=\"widget\" data-widget_type=\"image.default\">\n\t\t\t\t\t\t\t\t\t\t\t\t\t\t\t<img decoding=\"async\" width=\"2500\" height=\"1875\" src=\"https:\/\/isocertificacao.com.br\/wp-content\/uploads\/2025\/12\/45001-2.jpg\" class=\"attachment-full size-full wp-image-1243\" alt=\"\" srcset=\"https:\/\/isocertificacao.com.br\/wp-content\/uploads\/2025\/12\/45001-2.jpg 2500w, https:\/\/isocertificacao.com.br\/wp-content\/uploads\/2025\/12\/45001-2-300x225.jpg 300w, https:\/\/isocertificacao.com.br\/wp-content\/uploads\/2025\/12\/45001-2-1024x768.jpg 1024w, https:\/\/isocertificacao.com.br\/wp-content\/uploads\/2025\/12\/45001-2-768x576.jpg 768w, https:\/\/isocertificacao.com.br\/wp-content\/uploads\/2025\/12\/45001-2-1536x1152.jpg 1536w, https:\/\/isocertificacao.com.br\/wp-content\/uploads\/2025\/12\/45001-2-2048x1536.jpg 2048w\" sizes=\"(max-width: 2500px) 100vw, 2500px\" \/>\t\t\t\t\t\t\t\t\t\t\t\t\t\t\t<\/div>\n\t\t\t\t<\/div>\n\t\t<div class=\"elementor-element elementor-element-53129f2 e-con-full e-flex wpr-particle-no wpr-jarallax-no wpr-parallax-no wpr-sticky-section-no wpr-equal-height-no elementor-invisible e-con e-parent\" data-id=\"53129f2\" data-element_type=\"container\" data-e-type=\"container\" data-settings=\"{&quot;animation&quot;:&quot;fadeInRight&quot;}\">\n\t\t<div class=\"elementor-element elementor-element-65a2f65 e-con-full e-flex wpr-particle-no wpr-jarallax-no wpr-parallax-no wpr-sticky-section-no wpr-equal-height-no e-con e-child\" data-id=\"65a2f65\" data-element_type=\"container\" data-e-type=\"container\">\n\t\t<div class=\"elementor-element elementor-element-6c22dab e-con-full e-flex wpr-particle-no wpr-jarallax-no wpr-parallax-no wpr-sticky-section-no wpr-equal-height-no e-con e-child\" data-id=\"6c22dab\" data-element_type=\"container\" data-e-type=\"container\">\n\t\t\t\t<div class=\"elementor-element elementor-element-3a16a66 elementor-widget-tablet__width-initial elementor-widget elementor-widget-heading\" data-id=\"3a16a66\" data-element_type=\"widget\" data-e-type=\"widget\" data-widget_type=\"heading.default\">\n\t\t\t\t\t<h2 class=\"elementor-heading-title elementor-size-default\">ISO 45001:  SISTEMA DE GEST\u00c3O DA SEGURAN\u00c7A\nE SA\u00daDE OCUPACIONAL <\/h2>\t\t\t\t<\/div>\n\t\t\t\t<\/div>\n\t\t<div class=\"elementor-element elementor-element-6ab9547 e-con-full e-flex wpr-particle-no wpr-jarallax-no wpr-parallax-no wpr-sticky-section-no wpr-equal-height-no e-con e-child\" data-id=\"6ab9547\" data-element_type=\"container\" data-e-type=\"container\">\n\t\t\t\t<div class=\"elementor-element elementor-element-0039519 elementor-widget__width-initial elementor-widget elementor-widget-image\" data-id=\"0039519\" data-element_type=\"widget\" data-e-type=\"widget\" data-widget_type=\"image.default\">\n\t\t\t\t\t\t\t\t\t\t\t\t\t\t\t<img decoding=\"async\" width=\"1536\" height=\"1536\" src=\"https:\/\/isocertificacao.com.br\/wp-content\/uploads\/2025\/12\/45001-1-1536x1536.jpg\" class=\"attachment-1536x1536 size-1536x1536 wp-image-936\" alt=\"\" srcset=\"https:\/\/isocertificacao.com.br\/wp-content\/uploads\/2025\/12\/45001-1-1536x1536.jpg 1536w, https:\/\/isocertificacao.com.br\/wp-content\/uploads\/2025\/12\/45001-1-300x300.jpg 300w, https:\/\/isocertificacao.com.br\/wp-content\/uploads\/2025\/12\/45001-1-1024x1024.jpg 1024w, https:\/\/isocertificacao.com.br\/wp-content\/uploads\/2025\/12\/45001-1-150x150.jpg 150w, https:\/\/isocertificacao.com.br\/wp-content\/uploads\/2025\/12\/45001-1-768x768.jpg 768w, https:\/\/isocertificacao.com.br\/wp-content\/uploads\/2025\/12\/45001-1-2048x2048.jpg 2048w\" sizes=\"(max-width: 1536px) 100vw, 1536px\" \/>\t\t\t\t\t\t\t\t\t\t\t\t\t\t\t<\/div>\n\t\t\t\t<div class=\"elementor-element elementor-element-a6f8e9e elementor-widget__width-inherit elementor-widget elementor-widget-text-editor\" data-id=\"a6f8e9e\" data-element_type=\"widget\" data-e-type=\"widget\" data-widget_type=\"text-editor.default\">\n\t\t\t\t\t\t\t\t\t<p>A ISO 45001 foi projetada para ajudar as organiza\u00e7\u00f5es a definirem suas pol\u00edticas e objetivos de sa\u00fade e seguran\u00e7a, est\u00e1 alinhada com a estrutura da ISO 14001 e \u00e9 baseada em dois conceitos de melhoria continua e conformidade regulamentar.<\/p><p>Organiza\u00e7\u00f5es de todos os tipos est\u00e3o cada vez mais preocupadas com a realiza\u00e7\u00e3o e demonstra\u00e7\u00e3o de desempenho de Seguran\u00e7a e Sa\u00fade Ocupacional para seus acionistas, funcion\u00e1rios, clientes e outras partes interessadas.<\/p><p>Atrav\u00e9s da gest\u00e3o dos riscos e da melhoria dos efeitos ben\u00e9ficos de suas atividades, produtos e servi\u00e7os. Implementar o Sistema de Gest\u00e3o \u00e9 uma maneira indiscut\u00edvel de demonstrar seu compromisso com os colaboradores, al\u00e9m de ser uma ferramenta poderosa para a gest\u00e3o dos riscos associados a qualquer atividade profissional.<\/p>\t\t\t\t\t\t\t\t<\/div>\n\t\t\t\t<\/div>\n\t\t\t\t<div class=\"elementor-element elementor-element-7c6f7db elementor-align-center elementor-widget__width-initial elementor-widget elementor-widget-button\" data-id=\"7c6f7db\" data-element_type=\"widget\" data-e-type=\"widget\" data-widget_type=\"button.default\">\n\t\t\t\t\t\t\t\t\t\t<a class=\"elementor-button elementor-button-link elementor-size-sm elementor-animation-grow\" href=\"https:\/\/isocertificacao.com.br\/?page_id=27\">\n\t\t\t\t\t\t<span class=\"elementor-button-content-wrapper\">\n\t\t\t\t\t\t\t\t\t<span class=\"elementor-button-text\">Solicitar Or\u00e7amento<\/span>\n\t\t\t\t\t<\/span>\n\t\t\t\t\t<\/a>\n\t\t\t\t\t\t\t\t<\/div>\n\t\t\t\t<\/div>\n\t\t\t\t<\/div>\n\t\t\t\t<\/div>\n\t\t","protected":false},"excerpt":{"rendered":"<p>ISO 45001: SISTEMA DE GEST\u00c3O DA SEGURAN\u00c7A E SA\u00daDE OCUPACIONAL A ISO 45001 foi projetada para ajudar as organiza\u00e7\u00f5es a definirem suas pol\u00edticas e objetivos de sa\u00fade e seguran\u00e7a, est\u00e1 alinhada com a estrutura da ISO 14001 e \u00e9 baseada em dois conceitos de melhoria continua e conformidade regulamentar. Organiza\u00e7\u00f5es de todos os tipos est\u00e3o cada vez mais preocupadas com a realiza\u00e7\u00e3o e demonstra\u00e7\u00e3o de desempenho de Seguran\u00e7a e Sa\u00fade Ocupacional para seus acionistas, funcion\u00e1rios, clientes e outras partes interessadas. Atrav\u00e9s da gest\u00e3o dos riscos e da melhoria dos efeitos ben\u00e9ficos de suas atividades, produtos e servi\u00e7os. Implementar o Sistema de Gest\u00e3o \u00e9 uma maneira indiscut\u00edvel de demonstrar seu compromisso com os colaboradores, al\u00e9m de ser uma ferramenta poderosa para a gest\u00e3o dos riscos associados a qualquer atividade profissional. Solicitar Or\u00e7amento<\/p>\n","protected":false},"author":1,"featured_media":0,"parent":0,"menu_order":0,"comment_status":"closed","ping_status":"closed","template":"elementor_header_footer","meta":{"footnotes":""},"class_list":["post-488","page","type-page","status-publish","hentry"],"_links":{"self":[{"href":"https:\/\/isocertificacao.com.br\/index.php?rest_route=\/wp\/v2\/pages\/488","targetHints":{"allow":["GET"]}}],"collection":[{"href":"https:\/\/isocertificacao.com.br\/index.php?rest_route=\/wp\/v2\/pages"}],"about":[{"href":"https:\/\/isocertificacao.com.br\/index.php?rest_route=\/wp\/v2\/types\/page"}],"author":[{"embeddable":true,"href":"https:\/\/isocertificacao.com.br\/index.php?rest_route=\/wp\/v2\/users\/1"}],"replies":[{"embeddable":true,"href":"https:\/\/isocertificacao.com.br\/index.php?rest_route=%2Fwp%2Fv2%2Fcomments&post=488"}],"version-history":[{"count":91,"href":"https:\/\/isocertificacao.com.br\/index.php?rest_route=\/wp\/v2\/pages\/488\/revisions"}],"predecessor-version":[{"id":1352,"href":"https:\/\/isocertificacao.com.br\/index.php?rest_route=\/wp\/v2\/pages\/488\/revisions\/1352"}],"wp:attachment":[{"href":"https:\/\/isocertificacao.com.br\/index.php?rest_route=%2Fwp%2Fv2%2Fmedia&parent=488"}],"curies":[{"name":"wp","href":"https:\/\/api.w.org\/{rel}","templated":true}]}}